be the third derivative of -s**8/20160 - s**7/630 - s**6/360 + 2*s**5/15 + 23*s**2. Let b(i) be the third derivative of l(i). Give b(-6).
10
Let n(u) = -4*u**2 - 2*u - 1. Let x(l) = 2*l + 2. Let y be x(-6). Let c = y + 12. Suppose c*i + 4 = -2*j - 6, 3*i = 4*j - 8. Calculate n(j).
-3
Suppose -2*b + 28 = 5*b. Let q(p) = p + 9*p - 2 - b*p. What is q(-2)?
-14
Let h(i) = -11*i - 6. Suppose -b + 0*b = -6. Let s(x) = x**3 + 3*x**2 - x - 11. Let a be s(0). Let o(k) = -21*k - 11. Let p(g) = a*h(g) + b*o(g). Give p(-1).
5
Suppose -4 = r - 3*l, 5*l = -8 + 33. Let k(i) = r - 13 + 1 + 3*i. Calculate k(-2).
-7
Let c(i) = -i**3 + 13*i**2 + 1. Suppose 5*n - 60 = -n. Suppose n = -o + 23. Determine c(o).
1
Let g(n) be the first derivative of -5*n**3/3 + 5*n**2 + 3*n + 4. Let r(s) = -11*s**2 + 21*s + 5. Let v(z) = -9*g(z) + 4*r(z). Give v(5).
-12
Let w(a) be the first derivative of -a**2/2 + 4*a - 1. Suppose -5*m + x = -2 - 6, -6 = -3*x. Determine w(m).
2
Let v be (-3)/(-2)*320/48. Let c(u) = v*u**2 - 6*u**2 + 2*u**2 - 1. Give c(1).
5
Suppose 2*a + 3*a = -2*s + 102, 3*s - a - 153 = 0. Let j(f) = -3 - 3 + 50*f - s*f. Let n(v) = v**3 - v**2 - v + 1. Let o be n(1). What is j(o)?
-6
Let m(d) be the first derivative of -d**6/120 - 7*d**5/120 - 5*d**4/24 - 22*d**3/3 + 9. Let a(g) be the third derivative of m(g). Calculate a(-4).
-25
Let a(g) = 2*g**2 - 12*g + 1. Let r(z) = 4 - 2 + 6*z - 2 - z**2. Let s(c) = -2*a(c) - 5*r(c). Calculate s(6).
-2
Let j(p) = -14*p - 93. Let z be j(-7). Let a(t) be the third derivative of 1/60*t**z + 6*t**2 + 0*t + 1/12*t**4 - 1/2*t**3 + 0. Give a(-3).
0
Let a(k) = k**2 + 3*k + 2. Let z be (-4)/(-3)*-2 - 12/9. Determine a(z).
6
Let y be (-2)/9 - (-282)/54. Let v(l) = -l**2 + 6*l - 2. Calculate v(y).
3
Suppose 0 - 10 = -5*v. Suppose 4*u = -5*f + 41, -4*f + 12 = v*u - 16. Let p(d) = -d - 3. Calculate p(u).
-7
Let t(l) = l**3 + 5*l**2 + 6. Suppose 0 = -5*y - 24 - 1. Let b be t(y). Let d(i) = -2*i + 5. What is d(b)?
-7
Suppose 0 = 11*h + 8*h. Let r(v) = v**3 + v + 58. Give r(h).
58
Let n = 10 - 6. Suppose -4*i + n*d = -20, -3*d = 3*i - 0*d - 21. Let l be (i/(-4))/((-12)/24). Let u(o) = -o**2 + 3*o + 4. Give u(l).
4
Suppose -12*o + 14*o + 24 = 0. Let q be ((-3)/(-3))/(2/o). Let n(i) = 2 - 1 + i + 1. Calculate n(q).
-4
Let c(f) = -f**2 - 8*f - 15. Let l be c(-6). Let z = l + 5. Let u(x) = -1 - 2*x + 3*x - z + 2. Calculate u(-1).
-2
Suppose 0 = 3*u, 12*s + 2*u = 7*s + 10. Let x(a) be the second derivative of 3*a + 0 + 1/2*a**3 + 3/2*a**s - 1/10*a**5 - 1/6*a**4. What is x(-2)?
5
Suppose -4*r = -v - 3*v + 28, -26 = -3*v + 4*r. Suppose 0 = 3*d - 2*d - v. Let o(m) = d + 5*m - 5 - 6*m. What is o(-6)?
3
Let b(t) = -t - 4. Let l = 418 + -410. What is b(l)?
-12
Let j = 10 - -8. Suppose 0 = 4*d + 2*h + j, -3*d + 6*d + 15 = -3*h. Let z(m) = m**3 + 5*m**2 + 5*m + 5. Calculate z(d).
1
Let i(k) = 11 - 2 - 7 + k - 5 - 7. Calculate i(14).
4
Let v(n) = -8 - 6 - 3*n - 2*n**2 + 2*n + 10 - n**3. Let y(j) = j**2 + 8*j + 9. Let w be y(-6). Determine v(w).
8
Let y(m) = m - 7. Suppose -n + 4 = -i, 0 = 2*i + 3 - 7. What is y(n)?
-1
Let p(d) = 3*d**2 + 4*d + 8. Let k(f) = 8*f**2 + 6*f + 21. Let i(u) = -2*k(u) + 5*p(u). Let z be (-9)/(-2)*1*2. Determine i(z).
-11
Let k(n) = n**2 - 4*n + 4. Let z = 288 + -284. Calculate k(z).
4
Let n(f) = f**3 - 10*f**2 - 9*f - 4. Let m = 1298 - 1287. What is n(m)?
18
Let z(v) = -2*v + 6. Let m be (3/(-8))/(((-195)/(-15))/(-312)). Give z(m).
-12
Let m(i) = 6*i + 4. Let g(z) = -8*z - 206. Let r be g(-25). What is m(r)?
-32
Let h(y) be the second derivative of 5*y**4/12 + y**3/3 - y**2/2 - 2*y. Suppose 8*z - 39 = -55. Determine h(z).
15
Let t(s) = s**3 - 7*s**2 + s + 40. Let m be t(5). Let g(r) = r**2 + 6*r + 6. Determine g(m).
1
Let s(f) = -f**3 - 45*f**2 - 433*f + 41. Let c be s(-31). Let u(o) = o**2 - 7*o - 42. Determine u(c).
-12
Let z(b) be the first derivative of b**4/4 - 10*b**3/3 - 5*b**2 - 15*b + 1. Let o be 20/(2 - -2) + 24/4. What is z(o)?
-4
Let f(o) = -5*o. Let l(j) = 9*j. Let n(r) = -7*f(r) - 4*l(r). Let i(w) = -4*w**2 - 1. Let d be i(-1). Determine n(d).
5
Let d be (-85)/(-25) - (-2)/(-5). Suppose -2*z - 1 + 2 = -f, -3*f = -3*z - d. Let w(t) = -4*t**3 + 4*t**2 - 6*t - 7*t**z + 4 + 5*t**3. Calculate w(4).
-4
Let m be (-2)/(-1) + (9 - 8). Suppose 4*t + 5*l + 8 = 0, 0 = 2*t - 6*t + m*l - 40. Let h(f) = 4*f + 6. Give h(t).
-22
Suppose w + 8*w - 63 = 0. Let u(o) = -8*o - o**3 + 7 + w*o - 7*o + 8*o**2 + 2. Determine u(7).
2
Let f = -1534 - -1537. Let v(j) = -j**2 + 2*j + 3. What is v(f)?
0
Let b(j) be the second derivative of j**4/12 + j**3/6 - j**2/2 + 15*j. Calculate b(0).
-1
Let d(o) = -38*o**3 + 8*o**2 - 4 - o**2 + 39*o**3 + o**2 + 0. Calculate d(-8).
-4
Let c(i) = -60*i + 123*i + 6 - 62*i - 4 + 5. Suppose -4*q - 3 = -o - 34, 5*o + 22 = q. Give c(q).
14
Let x(h) = -h**3 - 4*h**2 + 4*h - 6. Let l be (1 + 1)*-1 + (16 - 4). Suppose 3 = -t + 6. Suppose -l = t*y - y. Determine x(y).
-1
Let z(c) be the third derivative of 7*c**4/24 + c**3/3 - 27*c**2 - 1. Determine z(-2).
-12
Let g(u) = -5*u + 12. Let k be g(6). Let x be -6 + k/63 + 2/7. Let h(c) = c**3 + 7*c**2 + 3*c - 3. Calculate h(x).
15
Let c = -1110 - -1114. Let u(h) = -h**3 + h**2 + 2*h + 4. Give u(c).
-36
Let x(d) be the first derivative of d**4/4 + 4*d**3/3 + d**2 - 3*d + 247. Calculate x(-3).
0
Let p(l) be the third derivative of -l**5/60 + l**4/2 - 7*l**3/3 - l**2 + 73. Calculate p(10).
6
Let u(t) = -10*t**2 - 24*t + t**3 - 15*t + 53*t - 12 - 16*t - 13*t. What is u(11)?
-56
Let m = -151 - -158. Let n be 1 + (-2 - 0)/(5 - m). Let z(f) = -2*f - 7. Let c(w) = 1. Let j(o) = 6*c(o) + z(o). Give j(n).
-5
Suppose 2*h - 4*y + 7*y - 11 = 0, -4*y = -2*h + 4. Let u(x) = -2*x + x - 5*x - 3 + h. Give u(2).
-11
Let t(c) = c**3 - 2*c**2 - 3*c + 2. Let w be t(3). Let j(b) be the first derivative of -b + 8 + 5/2*b**2. What is j(w)?
9
Let j be ((-15)/10)/((-3)/(-8)). Let k be 18/j*(-26)/39. Let n(y) = -k*y**2 + 0*y + y**3 + 6*y**2 + y. Calculate n(-2).
2
Let m(l) be the second derivative of l**3/6 + 6*l**2 - 15*l. Determine m(-17).
-5
Let v(y) = -y**3 - 16*y**2 + 3*y + 45. Let c be (5 - (-13 + 18)) + (-17 - -1). Determine v(c).
-3
Let g(k) = -2*k**2 + 3*k + 5. Let i(o) = 8 - 3 + 1 + 4*o - 2*o**2. Let p(d) = 5*g(d) - 4*i(d). Suppose 3*r - 4 = -b + 9, -8 = 4*b - 3*r. What is p(b)?
-2
Let d(x) = -x**2 - 9*x + 2. Let z be d(-9). Let s(j) = -j**3 - j + 7*j**2 + 4*j**z - 4 - 6*j**2. Let t = 4 - -1. Calculate s(t).
-9
Suppose -61*b + 46*b + 135 = 0. Let f(h) = h - 16. Calculate f(b).
-7
Suppose -5*h + 3*t + 90 = 0, -5*t = 4*h - t - 40. Suppose 5*o = h, -5*f + 4*o - 7 = -25. Let r(j) = f*j - 4*j - 1 + 10*j + 0. Give r(-1).
-13
Suppose -w + 3*w = 5*m + 50, -2*m - 49 = 5*w. Let h be (0 - m)*(-3)/(-6). Let k(j) = 0 - 2 - j + 4. Calculate k(h).
-4
Let h(t) = t**3 - 5*t**2 + 4. Let p = 148 + -58. Suppose 89*g + 4 = p*g. Calculate h(g).
-12
Let j(c) = 3*c**3 + 2*c**2 - c. Let t be j(1). Suppose 13 = 4*y + 5*x, 3*y - t*x - 4 = -y. Let f(r) = 3*r**2 - 3*r + 3. Calculate f(y).
9
Let l(t) be the first derivative of 1/2*t**2 + 4 - t. What is l(0)?
-1
Let o(b) = -b - 5. Let h(f) = 2*f + 6. Let s(p) = -6*h(p) - 7*o(p). Suppose 0 = 11*z - 15*z + 20. Suppose 7*m - 2*m = -z. Calculate s(m).
4
Let y(l) = -l + 6. Suppose 33 = 4*k + 9. What is y(k)?
0
Let l(h) = 8*h + 43. Let x be l(-5). Let j(z) = z**3 - 2*z**2 - 2*z - 4. What is j(x)?
-1
Let r(a) = 35*a**3 - 11*a**2 + 9*a + 3. Let u(n) = 64*n**3 - 21*n**2 + 18*n + 6. Let v(m) = -11*r(m) + 6*u(m). What is v(-7)?
38
Suppose 50 = -3*s + 8*s. Suppose 0 = -8*f + s*f. Let w(b) = -7 - 4*b + f + 4 - b**2 - b**2. Determine w(-2).
-3
Let c be (-25)/(-4) + 0 + 2/(-8). Let j(h) = -5*h + 3. Let b(l) = 4*l - 3. Let g(i) = c*b(i) + 5*j(i). Give g(-5).
2
Let z(c) be the second derivative of -5*c**4/12 - c**3/3 + 7*c**2/2 + 12*c. Let n(m) = -4*m**2 - 2*m + 6. Let h(s) = -4*n(s) + 3*z(s). Calculate h(-3).
0
Let o(p) = -2*p - 12. Let j be o(-6). Let g(k) = -k + 5*k - 3*k + j*k. Determine g(0).
0
Let w(q) = -q**3 + q**2 - q - 5. Let a(l) = 5*l**3 - 4*l**2 + 4*l + 19. Let d(y) = -2*a(y) - 9*w(y). Suppose 4*m = -5*m. Calculate d(m).
7
Let h be (-10)/(200/(-35)) + 6/(-8). Let y(t) = -2*t + 4*t**2 + t**2 + t. Calculate y(h).
4
Let y(q) = -2*q + 2. Let h(t) be the first derivative of 